he greatest common divisor of l and 35?
7
Let f be (2 - 3) + (-16)/(-1). Suppose 3*u + 2*k - 9 = 0, u + 0*k = -3*k + 10. Let w be (6/(-10))/(u/(-25)). What is the greatest common factor of f and w?
15
Suppose 3*b - 254 = -44. Calculate the highest common divisor of 190 and b.
10
Suppose 2*p - 4*m = -128 - 6, 0 = 5*p - 3*m + 356. Let g = -117 - p. Let z = g - -63. Calculate the greatest common divisor of z and 209.
19
Suppose -3*f + 160 = 34. Let r be ((-2)/(-10) - 2832/160)*-4. What is the greatest common factor of f and r?
14
Let c be (54/(-4))/((-21)/140). Suppose 3*z - 5*l - c = 0, 4*l = -3*z + 2*l + 90. Calculate the greatest common divisor of 30 and z.
30
Let r = -12 - -12. Suppose 0 = z - r*z - 9. Suppose a - 2*a = -99. Calculate the greatest common factor of z and a.
9
Let c = -1698 - -2023. Calculate the greatest common factor of 125 and c.
25
Suppose -8*s = -111 - 625. Calculate the highest common factor of s and 437.
23
Let k = 12 - 0. Let v(d) = 10*d - 12. Let c be v(k). Calculate the greatest common factor of 72 and c.
36
Suppose -4*j = -0*j - 24. Let c = j + 3. Suppose -18 = -q - 3*l, 5*q + 5*l = 34 + 26. Calculate the highest common factor of q and c.
9
Let q(j) = 9*j**2 - 47*j + 93. Let m be q(6). What is the highest common factor of 54 and m?
27
Let g(i) = -i**3 - 4*i**2 + 4*i - 2. Let x be g(-5). Let f = 383 - 382. Calculate the greatest common factor of f and x.
1
Suppose -8 = -4*o + 5*f - f, 2 = -o + 3*f. Suppose o*c - 92 - 28 = 0. Calculate the highest common factor of c and 10.
10
Suppose -5*b + h - 25 = 6*h, 0 = -2*b + 2*h - 14. Let u be (-8)/b*(2 - -46). Calculate the greatest common factor of u and 16.
16
Suppose -49*b = -61*b + 960. What is the greatest common divisor of b and 64?
16
Let c(q) = -4*q**3 + 6*q + 30. Let f be c(-5). Calculate the highest common divisor of 20 and f.
20
Let z = -324 + 477. Calculate the greatest common factor of 102 and z.
51
Suppose j - 321 = 3*b, 266 + 1033 = 4*j + 3*b. Calculate the greatest common factor of 48 and j.
12
Suppose 0 = -94*u + 82*u + 12. What is the greatest common divisor of 5 and u?
1
Suppose 5340 = -740*d + 752*d. What is the highest common factor of d and 267?
89
Suppose -490*f + 496*f = 174. Calculate the highest common divisor of 261 and f.
29
Let n be (8/24)/(2/24). Let r(v) = n*v**2 - v + 0 + 6*v**2 + 7*v**3 - 6*v**3 + 8. Let u be r(-10). What is the highest common divisor of 144 and u?
18
Let m = -3 - -4. Suppose -r + 4*f + 2 = -0*f, r - 2 = -4*f. Suppose -4*n = 3*x - 33, -3*x + 25 = 3*n - r. What is the greatest common divisor of n and m?
1
Let l be 2 + 33 - 70/(-14). Calculate the highest common factor of l and 10.
10
Suppose -78*r + 28*r + 9400 = 0. Calculate the greatest common divisor of r and 20.
4
Suppose 14*v - 21*v - 35 = 0. Let d be ((-100)/(-24))/(v/(-30)). Calculate the highest common divisor of d and 125.
25
Let m(h) be the second derivative of h**5/20 + 3*h**4/2 - 2*h**3/3 - 12*h**2 + 27*h. Let l be m(-18). What is the highest common divisor of l and 36?
12
Suppose 139*d = 135*d + 652. What is the greatest common factor of d and 1?
1
Let a(p) = -6*p + 30. Let v be a(-8). Let w(r) = -r**3 + 10*r**2 - 10*r + 4. Let h be w(8). Calculate the greatest common divisor of h and v.
26
Let m = -1632 + 1904. What is the highest common factor of m and 64?
16
Let j = 28 - 30. Let d be 7/3 - (-3)/(-9). Let p be j*((-7)/d + 3). What is the greatest common factor of p and 7?
1
Suppose 3*w = 79 - 13. Let u = 22 - 19. Suppose 2*a + 149 = u*k - 2*a, -4*a = 4*k - 236. Calculate the highest common factor of w and k.
11
Let h = -581 + 587. Let u(b) = -b**3 + 8*b**2 + b + 10. Let d be u(8). What is the highest common divisor of d and h?
6
Let l = 18 + -14. Suppose -q = 0, -2*v + 41 = -l*q - 49. Suppose 6*z - v = z. What is the highest common divisor of 1 and z?
1
Suppose -3*j + k = -4, -2*j - 35 = -7*j - 4*k. Suppose -m - j*f + 127 = 0, -3*m - 2*m = f - 579. Calculate the greatest common divisor of 23 and m.
23
Let f(t) = t**2 - 3*t - 23. Let g(r) = r**2 - 3*r - 12. Let o be g(7). Let h be f(o). What is the greatest common factor of h and 74?
37
Let s(k) = 78*k - 282. Let w be s(4). What is the highest common factor of 1920 and w?
30
Suppose -2*a + 6 = 0, 3*g - 3*a + a - 138 = 0. Calculate the greatest common factor of g and 12.
12
Let q be (147/9)/((-20)/12 + 2). What is the highest common factor of 784 and q?
49
Let s = -3 + 6. Suppose -2*c + 7*c = 135. Suppose 72 = 5*i + c. Calculate the highest common factor of i and s.
3
Let x(h) = 3*h - 1. Let k be x(7). Suppose -15*b + 60 = -3*b. Calculate the greatest common divisor of b and k.
5
Suppose 75*o - 1944 = 69*o. What is the greatest common divisor of 405 and o?
81
Let s(l) = -l**2 - 16*l - 48. Let w be s(-5). Calculate the greatest common divisor of 301 and w.
7
Let u = -14 - -43. Let p(m) = -2*m**2 + 54*m + 12. Let c be p(22). What is the greatest common factor of u and c?
29
Suppose 0 = -m - m - 8. Let y be -2 + (-3 - (m + -74)). Suppose 5*a = g - 85, -4*a + 5*a - y = -g. What is the greatest common divisor of g and 15?
15
Suppose -9*w + 4*i = -5*w - 1652, 2*w - 5*i = 817. What is the highest common factor of w and 286?
26
Let c(n) = n**2 + 6*n - 2. Let u be c(-7). Suppose -u*l - 144 = -7*l. Calculate the highest common divisor of 9 and l.
9
Suppose -d + 30 = 3*f, -4*d - 2*f = -0*d - 80. What is the highest common divisor of d and 81?
9
Let l(q) = 5 - 4 + 14 - 9*q + 12. Let r(m) = 4*m - 13. Let c(v) = -6*l(v) - 13*r(v). Let n be c(-3). Calculate the highest common divisor of 7 and n.
1
Let f(h) = 2*h**2 - 3*h - 16. Let u be f(6). Let s = u - 18. What is the highest common divisor of 160 and s?
20
Suppose -2*t + 46 = 4*u, -5*t - 6 + 1 = 0. Let j be -4 - (-4 - -3)*112. What is the greatest common divisor of j and u?
12
Let w = 11 - 9. Let o(g) = 7*g - 5*g + 0*g**2 + g**w - 11. Let s be o(-9). What is the greatest common factor of s and 13?
13
Let n = -1675 + 2015. Calculate the highest common factor of 80 and n.
20
Suppose -29*a + 1359 = 199. Calculate the greatest common factor of 70 and a.
10
Let i = 9 + -5. Let s be (i/3)/(20/750). Let z = -5 - -15. What is the greatest common factor of s and z?
10
Suppose 0 = d - b + 3*b - 150, b - 4 = 0. Let s be d/18 + (-12)/(-108). What is the greatest common factor of s and 12?
4
Suppose -12 = -6*h + 3*h. Suppose -24 = h*c - 0*c. Let v be 45/(-10)*4/c. Calculate the highest common factor of v and 3.
3
Suppose 22 = 12*u - 134. Calculate the greatest common divisor of u and 208.
13
Suppose 30 + 14 = z. Let b be 2/(((-2)/60)/(12/10)). Let j be 12/b - 25/(-6). What is the greatest common divisor of z and j?
4
Suppose -5*g - 5*x + 210 = 0, -g - x = -5*x - 42. Let o be -6*583/(-132) + 24/16. What is the highest common factor of o and g?
14
Suppose 3*m - 4*x = -2*x + 1119, -2*m + 756 = 2*x. Suppose 2*u - m = -5*r, 3*u - 292 - 228 = r. Calculate the highest common divisor of 25 and u.
25
Suppose -2*o + 251 - 86 = -5*q, 0 = q + 5. What is the greatest common factor of 14 and o?
14
Let d(z) = z**2 - 10*z. Let c be d(12). Let g(f) = -2*f**2 + 56*f + 24. Let o be g(c). Calculate the greatest common factor of o and 27.
27
Let l = -421 + 445. What is the highest common divisor of l and 600?
24
Suppose 2*h - 13 - 3 = 4*j, 4*h - 32 = 4*j. Let a be 205/20 + (-2)/h. Let z be (-114)/(-15) - a/(-25). What is the highest common divisor of 16 and z?
8
Suppose -22 = -2*n - z, 4 = -2*n - 3*z + 34. Let x be 321/n + (-2)/3. Suppose 0 = -5*g - 20, 2*w - g = -2*g + 10. What is the highest common factor of w and x?
7
Let z be ((-15)/9 - -1)*-60. Let p = 80 - 70. Calculate the greatest common divisor of z and p.
10
Suppose s = -0*s - 23. Let o = -14 - s. Let k(y) = y**2 + 5*y + 3. Let j be k(-6). Calculate the highest common factor of j and o.
9
Let f = -10 + 12. Let l be (f + 2)/(5/10). Calculate the highest common divisor of 1 and l.
1
Let c(m) = -5*m**2 - 5*m - 7. Let k(s) = -4*s**2 - 5*s - 8. Let f(l) = -3*c(l) + 2*k(l). Let t be f(-1). What is the greatest common factor of t and 77?
7
Let u(d) be the second derivative of -d**5/10 - d**4/4 + d**3/6 - d**2 + d. Let i be u(-3). Let k = 34 + -23. What is the greatest common factor of k and i?
11
Let a be (-84)/(-30) + (-2)/(-10). Let q = 224 - 133. Let 